-2*r + 5*n - 347 = -5*r. What are the prime factors of r?
2, 3, 19
Suppose 3 = 2*n - 27. What are the prime factors of n?
3, 5
Let h = 29 + -40. What are the prime factors of h*(1 + 6/(-3))?
11
Suppose -2*a - 2 = 10. Let w = a - -14. Let c = w + -1. What are the prime factors of c?
7
Suppose 0*w - 16 = -w - 3*z, -5*w + 58 = 4*z. Suppose f + 0*f - w = -3*p, -5*p - f = -20. Suppose 0 = s - p. What are the prime factors of s?
5
Suppose -5*l + 4*v = -269, 4*l + 0*l + 4*v = 208. List the prime factors of l.
53
Suppose c + 1 - 5 = d, 4*d = 16. Suppose 2*h + 11 = m, 4*h + m + c = -17. List the prime factors of -1 - 0 - h/2.
2
Let m be (21/2)/7*2. Suppose 0 = h + m*h, 3*y = -3*h + 15. What are the prime factors of y?
5
Suppose r + 54 = -2*r - x, -2*r + 4*x - 50 = 0. Let y = r + 32. What are the prime factors of y?
13
Let a(j) = -3*j - 3. Let c(d) = 4*d**2 - 1. Let g be c(-1). Suppose g + 0 = -v. What are the prime factors of a(v)?
2, 3
Suppose 0 = -4*h + 1703 + 81. What are the prime factors of 12/(-20) - h/(-10)?
2, 11
Let t(l) = l**2 + 2*l + 3. What are the prime factors of t(-8)?
3, 17
Suppose -60 + 285 = t. List the prime factors of t.
3, 5
Suppose -275 - 295 = -5*i. What are the prime factors of i?
2, 3, 19
Suppose -4*g - 58 = -182. Let k = 55 - g. What are the prime factors of k?
2, 3
Let z = 0 + 63. Suppose -5*f = -132 - z. What are the prime factors of f/(-2)*(-8)/12?
13
Let v(q) = q**2 - q + 1. Let b = -2 - 1. List the prime factors of v(b).
13
Suppose 2*t - 18 = -t. Suppose 0 = t*a - 10*a + 116. What are the prime factors of a?
29
Suppose 2*p - 490 = 2*s + 70, 0 = s - 2. List the prime factors of p.
2, 3, 47
Suppose -27 = 2*n - 3. What are the prime factors of ((-12)/8)/(2/n)?
3
Let r(x) = x**3 - 7*x**2 + 6*x + 5. Let n(h) = h - h**3 - 8*h**2 - 2*h**3 + 4*h**3 + 2*h**2. Let w be n(6). What are the prime factors of r(w)?
5
Suppose -4 = -3*u - 1. Let b = 4 - u. What are the prime factors of b?
3
Suppose -2*s + 4*s - 23 = -5*f, f - 3*s + 9 = 0. Let o = -3 + 9. What are the prime factors of f/(-9) + 38/o?
2, 3
Let i be (-16)/(-6)*(-12)/(-8). Suppose 0 = -i*q + 18 + 14. What are the prime factors of q?
2
Let p(h) = h**3 + 8*h**2 + 6*h + 3. List the prime factors of p(-7).
2, 5
Suppose 0 = 4*a + 98 - 406. List the prime factors of a.
7, 11
Let q(w) = -w**3 + 8*w**2. List the prime factors of q(3).
3, 5
Suppose -326 = -0*o - 3*o - 4*w, -2*o - w + 214 = 0. Suppose 0*b + 4*b = 5*d - 231, 2*d = 5*b + o. List the prime factors of d.
43
Let g be ((-1)/1 - -1)/1. Suppose 0 = 4*j + 8, -5*s + g*s + 20 = -5*j. Suppose s = p, -x = x - p - 20. What are the prime factors of x?
11
Let w(d) = 55*d**2. What are the prime factors of w(-1)?
5, 11
Let f = -6 + 8. Let u(v) = v**3 + v - 3*v - f*v**2 + 0*v - 1. List the prime factors of u(3).
2
Let b(l) = l**3 + l**2 - l + 4. Let i be b(0). Suppose -5*g + 5*o = -200, 4*g - 5*o - 38 - 117 = 0. Suppose -p - i*p = -g. List the prime factors of p.
3
Let k(t) = t + 4. Let d be k(-6). Let w = d - -10. What are the prime factors of w?
2
Suppose 2*t = 4*n - 36 - 130, -4*n = -4*t - 164. Suppose 0 = 5*w - d + n, 3*w + 20 = -d - d. List the prime factors of (w/2)/(4/(-12)).
2, 3
What are the prime factors of 20/90 + 655/9?
73
Let c = -7 - -11. Let r(z) = z**3 + z**2 + 3*z - 3. Let h(i) = i**3 + 2*i**2 + 2*i - 3. Let u(a) = c*h(a) - 3*r(a). What are the prime factors of u(-5)?
2
List the prime factors of (-1600)/(-7) - (-8)/(-14).
2, 3, 19
Suppose 6*q - 269 - 355 = 0. List the prime factors of q.
2, 13
Suppose 2*k - 1 = 4*q - 3, 0 = -5*k + 4*q + 13. Let d(c) = 0 + k*c + 4*c + 7*c**2 - 2 - c**3. What are the prime factors of d(8)?
2, 3
Let f = -61 + 34. Let g = f - -48. What are the prime factors of g?
3, 7
Suppose -3 = 3*m, -4*q + 4*m + 331 = -q. What are the prime factors of q?
109
Let z = 131 - 88. What are the prime factors of z?
43
Let s = -4 + -21. Let p = s - -16. Let z = 16 + p. What are the prime factors of z?
7
List the prime factors of ((-2408)/(-32))/((-27)/(-12) - 2).
7, 43
Suppose 5*l + 64 = 4*l. Let x = l - -109. List the prime factors of x.
3, 5
Let q(o) = -o**2 - 16*o - 9. Let j be q(-14). Suppose 2*c - j = 19. What are the prime factors of c?
19
Let b = -125 + 31. Let x be b/(-6) - (-3)/9. Let o = x - 9. What are the prime factors of o?
7
Suppose -3*m = 2*m. Suppose p = -m*p. Suppose 0 = -3*n - p*n + 6. What are the prime factors of n?
2
Suppose 2*o - 2*m - 66 = 0, 3*o - 36 = -3*m + 33. What are the prime factors of o?
2, 7
Let w = -5 + 8. Let z = w + -7. Let d = z + 13. What are the prime factors of d?
3
Suppose -88 = -2*o + 4*o. Let t = -30 - o. List the prime factors of t.
2, 7
Let l = -2 + 2. List the prime factors of 10 + 0 + l + 0.
2, 5
Let w = -11 + 16. Suppose 4*z + 5 = -w*s, 2*s - 3*s - 15 = -2*z. List the prime factors of z.
5
Let a(x) = 2*x - 2. Let f(n) = n**2 - n - 1. Let w be f(3). Let q be a(w). Let y = q + -1. List the prime factors of y.
7
Let s(r) = -9*r**3 - r**2 + 17*r - 10. Let b(h) = -4*h**3 - h**2 + 8*h - 5. Let y(f) = -7*b(f) + 3*s(f). What are the prime factors of y(-5)?
5
Let o(y) be the first derivative of y**2/2 + 9*y - 2. Let w be o(-7). Suppose -5*m = s - 20, -s - w*m = 3*s - 26. What are the prime factors of s?
5
Let c = 15 - 2. Let g be (c/(-1))/((-1)/5). Suppose 3*o + 11 = g. What are the prime factors of o?
2, 3
Let i = 35 - 9. List the prime factors of i.
2, 13
Let q = -144 + 217. What are the prime factors of q?
73
Let h(g) = -g**3 + 3*g**2 - 2. What are the prime factors of h(-3)?
2, 13
Let o be 1*1/3*57/1. Suppose 4*y - 9 = -1. Suppose t + 71 = 5*j, 5*j - y*t - 53 - o = 0. List the prime factors of j.
2, 7
Let q(i) be the first derivative of i**5/40 - i**4/24 + 2*i**3/3 - 2. Let n(l) be the third derivative of q(l). What are the prime factors of n(4)?
11
Let y be (-5)/(-1)*(-6)/(-10). Suppose -31 - 29 = -3*b. Suppose -b = -f - y*f. What are the prime factors of f?
5
Suppose -c + 13 + 19 = 0. List the prime factors of c.
2
Suppose 0 = 4*v - 2 - 38. List the prime factors of v.
2, 5
Let v(x) = x**2 - 6*x. Suppose -y + 3*y = 10. Let t be v(y). Let r = 2 - t. List the prime factors of r.
7
Suppose -6*k + 3*k + 96 = 0. List the prime factors of k.
2
Let w = 11 - 15. Let d(h) = -h + 2. Let n be d(-5). Let f = w + n. List the prime factors of f.
3
What are the prime factors of 2/4 + (-154)/(-4)?
3, 13
Suppose -6*s + 27 = 3*s. List the prime factors of s.
3
Suppose 12*i - 17*i = -290. What are the prime factors of i?
2, 29
List the prime factors of 11 - 8 - (-14 + 2).
3, 5
Suppose 2*n - 1633 = -5*a, 5*n = a - 251 - 81. What are the prime factors of a?
3, 109
Let k be 3/(-6) + (-3)/6. List the prime factors of (k*2)/((-12)/78).
13
Let f = 302 + -156. List the prime factors of f.
2, 73
Let k(f) = -f**2 - 2*f. Let y be k(-1). List the prime factors of 37/(2 - (0 + y)).
37
Let l = 2 - 2. Let o = l - -7. List the prime factors of o.
7
Let w = 6 + 0. Let t = w - 6. Suppose -4*a = 5*v - t*a - 67, 0 = 4*a + 8. List the prime factors of v.
3, 5
Suppose 53 = v + 4*q, 4*v + 22 = 4*q + 274. List the prime factors of v.
61
Let q be (-6)/(-2)*10/6. Suppose 0 = q*o + g - 350, 5*o - 4*g - 341 = 9. Suppose -w - 3*k - 2*k - 9 = 0, -o = -5*w - 2*k. List the prime factors of w.
2
Suppose -2 = -3*i - n, -2*i + n - 2 = -10. Suppose -16 = i*z - 104. What are the prime factors of z?
2, 11
Let w(h) = h**2 + 27*h + 71. What are the prime factors of w(-33)?
269
Let l = 1002 + -702. What are the prime factors of l?
2, 3, 5
Let d(w) = -32*w**3 + w**2 - w. Let f be d(1). Let y = f + 61. What are the prime factors of y?
29
Let z(q) = -24 + 2*q**3 - q**2 - 3*q**3 + 21 - 3*q. Let g be z(-2). Suppose -3*k + g = -20. What are the prime factors of k?
3
Let s(g) = 16*g**3 + g**2 + g - 1. Let b be s(1). Let w be (b/(-3))/(2/(-6)). Let p = w + -8. What are the prime factors of p?
3
Suppose 2*m + 0*m - 3*s + 27 = 0, -5*m - 5*s - 55 = 0. Let k(z) = -z**3 + 7*z**2 - 5*z - 6. Let x be k(5). Let t = x + m. List the prime factors of t.
7
Let r(v) = -11*v**3 + v. Let a = 2 + -3. What are the prime factors of r(a)?
2, 5
Let x = -5 - -9. Let i = -3 - -7. Suppose 25 = o + x*o, 0 = i*g - 3*o - 1. What are the prime factors of g?
2
Suppose 2*v - 50 = v. List the prime factors of v.
2, 5
Let k(w) = 8*w**2 - 2*w + 1. List the prime